{"id":40,"date":"2020-01-07T09:42:25","date_gmt":"2020-01-07T09:42:25","guid":{"rendered":"http:\/\/romanitranslanguaging.eu\/?page_id=40"},"modified":"2024-08-25T08:11:53","modified_gmt":"2024-08-25T08:11:53","slug":"media","status":"publish","type":"page","link":"http:\/\/www.kre.hu\/romanitranslanguaging\/index.php\/media\/","title":{"rendered":"Media \/ M\u00e9dia"},"content":{"rendered":"\n<p><a href=\"https:\/\/www.anyanyelv-pedagogia.hu\/cikkek.php?id=1069\">K\u00f6nyvszemle <\/a>Pazonyi Juditt\u00f3l (KRE) az Anyanyelv-pedag\u00f3gia c\u00edm\u0171 foly\u00f3iratban. K\u00f6sz\u00f6nj\u00fck sz\u00e9pen!<\/p>\n\n\n\n<p><a href=\"http:\/\/chrome-extension:\/\/efaidnbmnnnibpcajpcglclefindmkaj\/http:\/\/alkalmazottnyelvtudomany.hu\/wordpress\/wp-content\/uploads\/Tank%C3%B3_Enik%C5%91.pdf\">K\u00f6nyvszemle<\/a> Tank\u00f3 Enik\u0151 (Sapientia EMTE) toll\u00e1b\u00f3l a Nyelvtudom\u00e1nyi K\u00f6zlem\u00e9nyek has\u00e1bjain. K\u00f6sz\u00f6nj\u00fck!<\/p>\n\n\n\n<p><a href=\"https:\/\/www.cambridge.org\/core\/journals\/language-in-society\/article\/abs\/janos-imre-heltai-eszter-tarsoly-eds-translanguaging-for-equal-opportunities-speaking-romani-at-school-berlin-de-gruyter-mouton-2023-pp-321-ebook-open-access-hb-115\/8EED905B5FDBD5DE888D41446DEF2D34\">Book review <\/a>by Prof. Mary Bucholtz, Department of Linguistics University of California <\/p>\n\n\n\n<p>Megjelent a Tempus K\u00f6zalap\u00edtv\u00e1ny magazinj\u00e1nak Erasmus+ n\u00edv\u00f3d\u00edj kiadv\u00e1nya (<a href=\"https:\/\/tka.hu\/kiadvany\/17596\/erasmus-nivodij-2023\">Erasmus+ N\u00edv\u00f3d\u00edj 2023<\/a>), amely egy, a projektvezet\u0151vel k\u00e9sz\u00edtett interj\u00fat tartalmaz.<\/p>\n\n\n\n<p>\u00c1tvett\u00fck n\u00edv\u00f3d\u00edjunkat! K\u00f6sz\u00f6nj\u00fck sz\u00e9pen!\/Our project was awarded a <a href=\"https:\/\/erasmusplusz.hu\/erasmus_hirek\/az-erasmus-program-az-europai-unio-egyik-zaszloshajoja-konferencian-unnepeltuk-a-program-eredmenyeit\">prize for excellence<\/a>!<\/p>\n\n\n\n<p><\/p>\n\n\n\n<p><a href=\"http:\/\/www.afinla.fi\/en\/uutiset\/afinlandia-awards-2022\">AFinLA (Association Finlandaise de Linguistique Appliqu\u00e9e) awards the Afinlandia prize<\/a> annually for a distinguished Master\u2019s thesis, and every three years for a Doctoral dissertation. In 2022, the awardee&nbsp; in the Master\u2019s thesis series is Laura Casta\u00f1e Bassa (University of Jyv\u00e4skyl\u00e4) for her thesis titled <a href=\"https:\/\/jyx.jyu.fi\/handle\/123456789\/81491\">Perspectives on Translanguaging and Schoolscape : A Case Study of Romani-Speaking Children in a Hungarian School<\/a><\/p>\n\n\n\n<p>University of Jyv\u00e4skyl\u00e4, <a href=\"https:\/\/www.jyu.fi\/en\/current\/archive\/2022\/06\/a-milestone-in-educating-teachers-for-linguistically-diverse-learning-communities\">Webpage<\/a>, June 2022<\/p>\n\n\n\n<p>K\u00e1roli G\u00e1sp\u00e1r University, <a href=\"http:\/\/www.kre.hu\/portal\/index.php\/neptun-ugyintezo\/2-uncategorised\/2107-transzlingvalas-anyanyelvukon-szolalhatnak-meg-a-roma-gyerekek-egy-tiszavasvari-iskolaban.html\">Webpage<\/a>, May 2022<\/p>\n\n\n\n<p>Report on the Tiszavasv\u00e1ri research site and the project in the Hungarian-language daily <a href=\"https:\/\/nepszava.hu\/3155650_tiszavasvari-iskola-roma-gyerekek-romani-nyelv\" data-type=\"URL\" data-id=\"https:\/\/nepszava.hu\/3155650_tiszavasvari-iskola-roma-gyerekek-romani-nyelv\" target=\"_blank\" rel=\"noreferrer noopener\">N\u00e9pszava<\/a><\/p>\n\n\n\n<p><a rel=\"noreferrer noopener\" href=\"https:\/\/www.youtube.com\/watch?v=Sf001La5MDM&amp;t=1262s\" data-type=\"URL\" data-id=\"https:\/\/www.youtube.com\/watch?v=Sf001La5MDM&amp;t=1262s\" target=\"_blank\">Television report on the activities of the project in Tiszavasv\u00e1ri<\/a> (T\u00fcnde Demeter-Berencsi , J\u00e1nos Imre Heltai, Melinda Rost\u00e1s-Makula, Zita T\u00fcndik), local television, Tiszavasv\u00e1ri<\/p>\n\n\n\n<p><a href=\"https:\/\/egy.hu\/szocio\/a-nyelv-elfogadasa-a-szemelyiseg-elfogadasa-is-ciganyul-tanitott-gyerekeink-elott-a-jovo-110113?fbclid=IwAR1AiL5fhvWYydE4uuk4Ffkcdo6oyB1NYUAUfOmuIKXckdJW6ufnJm4foE4\" data-type=\"URL\" data-id=\"https:\/\/egy.hu\/szocio\/a-nyelv-elfogadasa-a-szemelyiseg-elfogadasa-is-ciganyul-tanitott-gyerekeink-elott-a-jovo-110113?fbclid=IwAR1AiL5fhvWYydE4uuk4Ffkcdo6oyB1NYUAUfOmuIKXckdJW6ufnJm4foE4\" target=\"_blank\" rel=\"noreferrer noopener\">Report <\/a>on the project activities in the online lifestyle magazine egy.hu: <\/p>\n\n\n\n<p><a href=\"https:\/\/www.youtube.com\/watch?v=AEKg-duMzmo&amp;t=1136s\" data-type=\"URL\" data-id=\"https:\/\/www.youtube.com\/watch?v=AEKg-duMzmo&amp;t=1136s\" target=\"_blank\" rel=\"noreferrer noopener\">Television Report on Roma and Romani in Tiszavasv\u00e1ri and on project activities at the Magiszter school<\/a> (J\u00e1nos Imre Heltai, Erika Kerekes-L\u00e9vai), local television, Tiszavasv\u00e1ri<\/p>\n\n\n\n<p>A four times five-minute discussion on sociolinguistics, the Romani language and the project in Kossuth Radio&#8217;s (Hungary&#8217;s public service radio) language magazine programme, <a rel=\"noreferrer noopener\" href=\"https:\/\/nava.hu\/id\/3790947\/\" data-type=\"URL\" data-id=\"https:\/\/nava.hu\/id\/3790947\/\" target=\"_blank\">31 Mai<\/a>, <a rel=\"noreferrer noopener\" href=\"https:\/\/nava.hu\/id\/3790557\/\" data-type=\"URL\" data-id=\"https:\/\/nava.hu\/id\/3790557\/\" target=\"_blank\">1 June<\/a>, <a rel=\"noreferrer noopener\" href=\"https:\/\/nava.hu\/id\/3790874\/\" data-type=\"URL\" data-id=\"https:\/\/nava.hu\/id\/3790874\/\" target=\"_blank\">2 June<\/a>, <a rel=\"noreferrer noopener\" href=\"https:\/\/nava.hu\/id\/3790767\/\" target=\"_blank\">3 June<\/a>  <\/p>\n\n\n\n<p>Constantine the Philosopher University,<a href=\"http:\/\/www.umjl.fss.ukf.sk\/translanguaging\/\"> project description and more<\/a><\/p>\n\n\n\n<p>Constantine the Philosopher University, <a href=\"https:\/\/www.fss.ukf.sk\/hu\/1248-a-transzlingvalas-lehetosegei-avagy-romani-az-iskolaban\">report on the online event hosted by the University of Jyv\u00e4skyl\u00e4<\/a><\/p>\n\n\n\n<p>K\u00e1roli G\u00e1sp\u00e1r University, <a href=\"http:\/\/www.kre.hu\/hirlevelkuldo\/index.php?option=com_acymailing&amp;ctrl=archive&amp;task=view&amp;mailid=138&amp;key=w9Jd9JkB&amp;subid=52810-RyQW3W5izpRXTh&amp;tmpl=component\">Newsletter<\/a>, June 2020<\/p>\n\n\n\n<p>K\u00e1roli G\u00e1sp\u00e1r University, <a href=\"http:\/\/www.kre.hu\/hirlevelkuldo\/index.php?option=com_acymailing&amp;ctrl=archive&amp;task=view&amp;mailid=113&amp;key=8qQlT07f&amp;subid=40137-7W5BtlU5GnkMdh&amp;tmpl=component\">Newsletter<\/a>, January 2020<\/p>\n\n\n\n<p>University of Jyv\u00e4skyl\u00e4, <a href=\"https:\/\/www.jyu.fi\/edupsy\/fi\/tutkimus\/tutkimushankkeet\/translanguaging\">Webpage<\/a>, January 2020<\/p>\n\n\n\n<p>Tiszavasv\u00e1ri, local news (<a href=\"http:\/\/www.tiszavasvari.hu\/lapszamok\">Tiszavasv\u00e1ri H\u00edrmond\u00f3<\/a>), January 2020<\/p>\n\n\n\n<p>K\u00e1roli G\u00e1sp\u00e1r University, <a href=\"http:\/\/www.kre.hu\/hirlevelkuldo\/index.php?option=com_acymailing&amp;ctrl=archive&amp;task=view&amp;mailid=104&amp;key=Ta4OPNun&amp;subid=11558-hU3NPnuxsowVXp&amp;tmpl=component\">Newsletter<\/a>, December 2019<\/p>\n\n\n\n<p>K\u00e1roli G\u00e1sp\u00e1r University, <a href=\"http:\/\/www.kre.hu\/portal\/index.php\/1291-nyertes-erasmus-ka2-intezmenyi-egyuttmukodesi-palyazat-a-karoli-gaspar-reformatus-egyetemen.html\">Webpage<\/a>, September 2019<\/p>\n","protected":false},"excerpt":{"rendered":"<p>K\u00f6nyvszemle Pazonyi Juditt\u00f3l (KRE) az Anyanyelv-pedag\u00f3gia c\u00edm\u0171 foly\u00f3iratban. K\u00f6sz\u00f6nj\u00fck sz\u00e9pen! K\u00f6nyvszemle Tank\u00f3 Enik\u0151 (Sapientia EMTE) toll\u00e1b\u00f3l a Nyelvtudom\u00e1nyi K\u00f6zlem\u00e9nyek has\u00e1bjain. K\u00f6sz\u00f6nj\u00fck! Book review by Prof. Mary Bucholtz, Department of Linguistics University of California Megjelent a Tempus K\u00f6zalap\u00edtv\u00e1ny magazinj\u00e1nak Erasmus+ n\u00edv\u00f3d\u00edj kiadv\u00e1nya (Erasmus+ N\u00edv\u00f3d\u00edj 2023), amely egy, a projektvezet\u0151vel k\u00e9sz\u00edtett interj\u00fat tartalmaz. \u00c1tvett\u00fck n\u00edv\u00f3d\u00edjunkat! K\u00f6sz\u00f6nj\u00fck sz\u00e9pen!\/Our &hellip; <\/p>\n<p class=\"link-more\"><a href=\"http:\/\/www.kre.hu\/romanitranslanguaging\/index.php\/media\/\" class=\"more-link\"><span class=\"screen-reader-text\">&#8222;Media \/ M\u00e9dia&#8221;<\/span> b\u0151vebben<\/a><\/p>\n","protected":false},"author":3,"featured_media":0,"parent":0,"menu_order":0,"comment_status":"closed","ping_status":"closed","template":"","meta":[],"_links":{"self":[{"href":"http:\/\/www.kre.hu\/romanitranslanguaging\/index.php\/wp-json\/wp\/v2\/pages\/40"}],"collection":[{"href":"http:\/\/www.kre.hu\/romanitranslanguaging\/index.php\/wp-json\/wp\/v2\/pages"}],"about":[{"href":"http:\/\/www.kre.hu\/romanitranslanguaging\/index.php\/wp-json\/wp\/v2\/types\/page"}],"author":[{"embeddable":true,"href":"http:\/\/www.kre.hu\/romanitranslanguaging\/index.php\/wp-json\/wp\/v2\/users\/3"}],"replies":[{"embeddable":true,"href":"http:\/\/www.kre.hu\/romanitranslanguaging\/index.php\/wp-json\/wp\/v2\/comments?post=40"}],"version-history":[{"count":19,"href":"http:\/\/www.kre.hu\/romanitranslanguaging\/index.php\/wp-json\/wp\/v2\/pages\/40\/revisions"}],"predecessor-version":[{"id":834,"href":"http:\/\/www.kre.hu\/romanitranslanguaging\/index.php\/wp-json\/wp\/v2\/pages\/40\/revisions\/834"}],"wp:attachment":[{"href":"http:\/\/www.kre.hu\/romanitranslanguaging\/index.php\/wp-json\/wp\/v2\/media?parent=40"}],"curies":[{"name":"wp","href":"https:\/\/api.w.org\/{rel}","templated":true}]}}